{"id":8,"date":"2020-03-09T19:26:54","date_gmt":"2020-03-09T19:26:54","guid":{"rendered":"http:\/\/ugbb.de\/?page_id=8"},"modified":"2020-03-13T16:10:54","modified_gmt":"2020-03-13T16:10:54","slug":"8-2","status":"publish","type":"page","link":"https:\/\/ugbb.de\/","title":{"rendered":"Home"},"content":{"rendered":"<p>[et_pb_section fb_built=&#8220;1&#8243; custom_padding_last_edited=&#8220;on|desktop&#8220; admin_label=&#8220;Header&#8220; _builder_version=&#8220;4.4.0&#8243; background_image=&#8220;http:\/\/ugbb.de\/wp-content\/uploads\/2020\/03\/UGBB-scaled.jpg&#8220; parallax=&#8220;on&#8220; module_alignment=&#8220;center&#8220; height=&#8220;1080px&#8220; custom_padding=&#8220;5vw||13vw||false|&#8220; custom_padding_tablet=&#8220;0vw||20vw&#8220; custom_padding_phone=&#8220;&#8220; bottom_divider_height=&#8220;20px&#8220;][et_pb_row _builder_version=&#8220;4.4.0&#8243; max_width=&#8220;none&#8220; custom_padding=&#8220;0px||0px||true|&#8220;][et_pb_column type=&#8220;4_4&#8243; _builder_version=&#8220;3.25.3&#8243;][et_pb_image src=&#8220;http:\/\/ugbb.de\/wp-content\/uploads\/2020\/03\/Logo-2-Zeilig-Rand.png&#8220; align=&#8220;center&#8220; _builder_version=&#8220;4.4.0&#8243; max_width=&#8220;50%&#8220; filter_opacity=&#8220;74%&#8220; animation_style=&#8220;fade&#8220;][\/et_pb_image][\/et_pb_column][\/et_pb_row][\/et_pb_section][et_pb_section fb_built=&#8220;1&#8243; next_background_color=&#8220;#ffffff&#8220; _builder_version=&#8220;4.4.0&#8243; background_enable_color=&#8220;off&#8220; background_image=&#8220;http:\/\/ugbb.de\/wp-content\/uploads\/2020\/03\/BG-scaled.jpg&#8220; custom_margin=&#8220;0px||||false|false&#8220; bottom_divider_style=&#8220;graph4&#8243;][et_pb_row _builder_version=&#8220;4.4.0&#8243; background_enable_image=&#8220;off&#8220;][et_pb_column type=&#8220;4_4&#8243; _builder_version=&#8220;4.4.0&#8243;][et_pb_text _builder_version=&#8220;4.4.0&#8243; text_font=&#8220;||||||||&#8220; text_font_size=&#8220;16px&#8220; text_line_height=&#8220;1.8em&#8220; header_font=&#8220;Alike Angular||||||||&#8220; header_2_font=&#8220;Alike Angular|||||on|||&#8220; header_2_font_size=&#8220;80px&#8220; header_2_line_height=&#8220;1.2em&#8220; text_orientation=&#8220;center&#8220; width_tablet=&#8220;600px&#8220; width_phone=&#8220;400px&#8220; width_last_edited=&#8220;off|phone&#8220; max_width=&#8220;600px&#8220; module_alignment=&#8220;center&#8220; header_2_font_size_tablet=&#8220;50px&#8220; header_2_font_size_phone=&#8220;30px&#8220; header_2_font_size_last_edited=&#8220;on|phone&#8220; text_text_align=&#8220;center&#8220; locked=&#8220;off&#8220;]<\/p>\n<h2>Willkommen!<\/h2>\n<h3>Das ist Roadhouse Blues in R(h)einkultur!<\/h3>\n<p>&nbsp;<\/p>\n<p>Thomas &#8222;Uncle Gulu&#8220; hat genau die richtigen Bluesmusiker um sich geschart, um als Uncle Gulu\u00b4s Blues Band ihren stampfenden, mitrei\u00dfenden, gef\u00fchlvollen, up-tempo oder auch langsamen, manchmal rockigen und auch 12-taktigen Roadhouse Blues totally plugged ihrem Publikum seit mehr als 30 Jahren darzubieten.<\/p>\n<p>!! Let the good times roll !!<\/p>\n<p>[\/et_pb_text][\/et_pb_column][\/et_pb_row][\/et_pb_section][et_pb_section fb_built=&#8220;1&#8243; _builder_version=&#8220;4.4.0&#8243; background_enable_color=&#8220;off&#8220; background_enable_image=&#8220;off&#8220; custom_margin=&#8220;0px||||false|false&#8220; top_divider_flip=&#8220;vertical&#8220;][et_pb_row _builder_version=&#8220;4.4.0&#8243;][et_pb_column type=&#8220;4_4&#8243; _builder_version=&#8220;3.25.3&#8243;][et_pb_text _builder_version=&#8220;4.4.0&#8243; text_font=&#8220;Caudex||||||||&#8220; text_font_size=&#8220;16px&#8220; text_line_height=&#8220;1.8em&#8220; header_font=&#8220;Alike Angular||||||||&#8220; header_2_font=&#8220;Alike Angular|||||on|||&#8220; header_2_font_size=&#8220;80px&#8220; header_2_line_height=&#8220;1.2em&#8220; text_orientation=&#8220;center&#8220; width_tablet=&#8220;600px&#8220; width_phone=&#8220;400px&#8220; width_last_edited=&#8220;off|phone&#8220; max_width=&#8220;600px&#8220; module_alignment=&#8220;center&#8220; header_2_font_size_tablet=&#8220;50px&#8220; header_2_font_size_phone=&#8220;30px&#8220; header_2_font_size_last_edited=&#8220;on|phone&#8220; text_text_align=&#8220;center&#8220; locked=&#8220;off&#8220;]<\/p>\n<h2>Auftritte<\/h2>\n<p>[\/et_pb_text][\/et_pb_column][\/et_pb_row][et_pb_row column_structure=&#8220;1_2,1_2&#8243; use_custom_gutter=&#8220;on&#8220; gutter_width=&#8220;2&#8243; _builder_version=&#8220;4.4.0&#8243;][et_pb_column type=&#8220;1_2&#8243; _builder_version=&#8220;3.25.3&#8243;][et_pb_text _builder_version=&#8220;4.4.0&#8243; text_text_color=&#8220;#757575&#8243; text_font_size=&#8220;16px&#8220; header_font=&#8220;Alike Angular|700|||||||&#8220; header_font_size=&#8220;45px&#8220;]<\/p>\n<h1 style=\"text-align: right;\">Uncle Gulu\u00b4s Blues Band<\/h1>\n<h3 style=\"text-align: right;\"><\/h3>\n<p style=\"text-align: right;\">Irgendwo, auf der anderen Seite dieser Welt, in den W\u00e4ldern und der Steppe lebt das letzte GULU, ein putziges Tierchen, mit einer gewissen \u00c4hnlichkeit zu einem Streifenh\u00f6rnchen.<\/p>\n<p style=\"text-align: right;\">Um dieses einmalige Gesch\u00f6pf am Leben zu erhalten und um sich auch wissenschaftlich um den Fortbestand k\u00fcmmern zu k\u00f6nnen, hat UNCLE GULU und damit auch die UNCLE GULU\u00b4S BLUES BAND die Patenschaft f\u00fcr dieses GULU \u00fcbernommen.<\/p>\n<p style=\"text-align: right;\">Durch Konzerte, CD- und Videoproduktionen versucht die Band recht erfolgreich, die \u00fcbernommene Patenschaft mit Leben zu erf\u00fcllen und so die ganze Welt am Schicksal des letzten GULUS teilhaben zu lassen.<\/p>\n<p>&nbsp;<\/p>\n<p>[\/et_pb_text][\/et_pb_column][et_pb_column type=&#8220;1_2&#8243; _builder_version=&#8220;4.4.0&#8243; background_enable_image=&#8220;off&#8220;][et_pb_text _builder_version=&#8220;4.4.0&#8243; header_font=&#8220;Alike Angular|700|||||||&#8220; header_font_size=&#8220;45px&#8220;]<\/p>\n<h1>2020<\/h1>\n<p>[\/et_pb_text][et_pb_text _builder_version=&#8220;4.4.0&#8243; text_font_size=&#8220;7px&#8220; header_font=&#8220;||||||||&#8220; header_2_font=&#8220;Alike Angular||||||||&#8220; header_2_font_size=&#8220;30px&#8220; header_3_text_color=&#8220;#757575&#8243; header_3_font_size=&#8220;16px&#8220; header_2_font_size_tablet=&#8220;50px&#8220; header_2_font_size_phone=&#8220;30px&#8220; header_2_font_size_last_edited=&#8220;on|phone&#8220;]<\/p>\n<h3>26. Sep &#8211; Uncle Gulu\u00b4s Benefiz, Ginsheim-Gustavsburg<\/h3>\n<p>[\/et_pb_text][et_pb_text _builder_version=&#8220;4.4.0&#8243; text_font_size=&#8220;7px&#8220; header_font=&#8220;||||||||&#8220; header_2_font=&#8220;Alike Angular||||||||&#8220; header_2_font_size=&#8220;30px&#8220; header_3_text_color=&#8220;#757575&#8243; header_3_font_size=&#8220;16px&#8220; header_2_font_size_tablet=&#8220;50px&#8220; header_2_font_size_phone=&#8220;30px&#8220; header_2_font_size_last_edited=&#8220;on|phone&#8220;]<\/p>\n<h3>30. Mai &#8211; Geburtstagsfeier, Mainz<\/h3>\n<p>[\/et_pb_text][et_pb_text _builder_version=&#8220;4.4.0&#8243; header_font=&#8220;Alike Angular|700|||||||&#8220; header_font_size=&#8220;45px&#8220;]<\/p>\n<h1>2019<\/h1>\n<p>[\/et_pb_text][et_pb_text _builder_version=&#8220;4.4.0&#8243; text_font_size=&#8220;7px&#8220; header_font=&#8220;||||||||&#8220; header_2_font=&#8220;Alike Angular||||||||&#8220; header_2_font_size=&#8220;30px&#8220; header_3_text_color=&#8220;#757575&#8243; header_3_font_size=&#8220;16px&#8220; header_2_font_size_tablet=&#8220;50px&#8220; header_2_font_size_phone=&#8220;30px&#8220; header_2_font_size_last_edited=&#8220;on|phone&#8220;]<\/p>\n<h3>06. Aug &#8211; BerniesBluesBar, St. Goarshausen<\/h3>\n<p>[\/et_pb_text][et_pb_text _builder_version=&#8220;4.4.0&#8243; text_font_size=&#8220;7px&#8220; header_font=&#8220;||||||||&#8220; header_2_font=&#8220;Alike Angular||||||||&#8220; header_2_font_size=&#8220;30px&#8220; header_3_text_color=&#8220;#757575&#8243; header_3_font_size=&#8220;16px&#8220; header_2_font_size_tablet=&#8220;50px&#8220; header_2_font_size_phone=&#8220;30px&#8220; header_2_font_size_last_edited=&#8220;on|phone&#8220;]<\/p>\n<h3>07. Jul &#8211; Gro\u00dfglockner, Austria<\/h3>\n<p>[\/et_pb_text][et_pb_text _builder_version=&#8220;4.4.0&#8243; text_font_size=&#8220;7px&#8220; header_font=&#8220;||||||||&#8220; header_2_font=&#8220;Alike Angular||||||||&#8220; header_2_font_size=&#8220;30px&#8220; header_3_text_color=&#8220;#757575&#8243; header_3_font_size=&#8220;16px&#8220; header_2_font_size_tablet=&#8220;50px&#8220; header_2_font_size_phone=&#8220;30px&#8220; header_2_font_size_last_edited=&#8220;on|phone&#8220;]<\/p>\n<h3>30. Mai &#8211; Privat, Mainz<\/h3>\n<p>[\/et_pb_text][et_pb_text _builder_version=&#8220;4.4.0&#8243; text_font_size=&#8220;7px&#8220; header_font=&#8220;||||||||&#8220; header_2_font=&#8220;Alike Angular||||||||&#8220; header_2_font_size=&#8220;30px&#8220; header_3_text_color=&#8220;#757575&#8243; header_3_font_size=&#8220;16px&#8220; header_2_font_size_tablet=&#8220;50px&#8220; header_2_font_size_phone=&#8220;30px&#8220; header_2_font_size_last_edited=&#8220;on|phone&#8220;]<\/p>\n<h3>31. Jan &#8211; Privat, Mainz<\/h3>\n<p>[\/et_pb_text][et_pb_text _builder_version=&#8220;4.4.0&#8243; header_font=&#8220;Alike Angular|700|||||||&#8220; header_font_size=&#8220;45px&#8220;]<\/p>\n<h1>2018<\/h1>\n<p>[\/et_pb_text][et_pb_text _builder_version=&#8220;4.4.0&#8243; text_font_size=&#8220;7px&#8220; header_font=&#8220;||||||||&#8220; header_2_font=&#8220;Alike Angular||||||||&#8220; header_2_font_size=&#8220;30px&#8220; header_3_text_color=&#8220;#757575&#8243; header_3_font_size=&#8220;16px&#8220; header_2_font_size_tablet=&#8220;50px&#8220; header_2_font_size_phone=&#8220;30px&#8220; header_2_font_size_last_edited=&#8220;on|phone&#8220;]<\/p>\n<h3>20. Dez &#8211; X-Mas Blues, Wiesbaden<\/h3>\n<p>[\/et_pb_text][et_pb_text _builder_version=&#8220;4.4.0&#8243; text_font_size=&#8220;7px&#8220; header_font=&#8220;||||||||&#8220; header_2_font=&#8220;Alike Angular||||||||&#8220; header_2_font_size=&#8220;30px&#8220; header_3_text_color=&#8220;#757575&#8243; header_3_font_size=&#8220;16px&#8220; header_2_font_size_tablet=&#8220;50px&#8220; header_2_font_size_phone=&#8220;30px&#8220; header_2_font_size_last_edited=&#8220;on|phone&#8220;]<\/p>\n<h3>22. Sep &#8211; Uncle Gulu\u00b4s Benifiz, Ginsheim &#8211; Gustavsburg<\/h3>\n<p>[\/et_pb_text][et_pb_text _builder_version=&#8220;4.4.0&#8243; text_font_size=&#8220;7px&#8220; header_font=&#8220;||||||||&#8220; header_2_font=&#8220;Alike Angular||||||||&#8220; header_2_font_size=&#8220;30px&#8220; header_3_text_color=&#8220;#757575&#8243; header_3_font_size=&#8220;16px&#8220; header_2_font_size_tablet=&#8220;50px&#8220; header_2_font_size_phone=&#8220;30px&#8220; header_2_font_size_last_edited=&#8220;on|phone&#8220;]<\/p>\n<h3>24. Aug &#8211; Privat, Wiesbaden<\/h3>\n<p>[\/et_pb_text][et_pb_text _builder_version=&#8220;4.4.0&#8243; text_font_size=&#8220;7px&#8220; header_font=&#8220;||||||||&#8220; header_2_font=&#8220;Alike Angular||||||||&#8220; header_2_font_size=&#8220;30px&#8220; header_3_text_color=&#8220;#757575&#8243; header_3_font_size=&#8220;16px&#8220; custom_padding=&#8220;0px||0px|||&#8220; header_2_font_size_tablet=&#8220;50px&#8220; header_2_font_size_phone=&#8220;30px&#8220; header_2_font_size_last_edited=&#8220;on|phone&#8220;]<\/p>\n<h3>04. Aug &#8211; 1. Benefiz Fussbalturnier, Wiesbaden<\/h3>\n<p>[\/et_pb_text][et_pb_text _builder_version=&#8220;4.4.0&#8243; text_font_size=&#8220;7px&#8220; header_font=&#8220;||||||||&#8220; header_2_font=&#8220;Alike Angular||||||||&#8220; header_2_font_size=&#8220;30px&#8220; header_3_text_color=&#8220;#757575&#8243; header_3_font_size=&#8220;16px&#8220; custom_padding=&#8220;0px||||false|false&#8220; header_2_font_size_tablet=&#8220;50px&#8220; header_2_font_size_phone=&#8220;30px&#8220; header_2_font_size_last_edited=&#8220;on|phone&#8220;]<\/p>\n<h3>30. Mai &#8211; Privat, Mainz<\/h3>\n<p>[\/et_pb_text][\/et_pb_column][\/et_pb_row][\/et_pb_section][et_pb_section fb_built=&#8220;1&#8243; prev_background_color=&#8220;#ffffff&#8220; next_background_color=&#8220;#ffffff&#8220; _builder_version=&#8220;4.4.0&#8243; background_color=&#8220;#242424&#8243; top_divider_style=&#8220;wave2&#8243; top_divider_flip=&#8220;horizontal&#8220; bottom_divider_style=&#8220;wave2&#8243;][et_pb_row column_structure=&#8220;1_2,1_2&#8243; _builder_version=&#8220;4.4.0&#8243;][et_pb_column type=&#8220;1_2&#8243; _builder_version=&#8220;4.4.0&#8243;][et_pb_text _builder_version=&#8220;4.4.0&#8243; text_font=&#8220;Caudex||||||||&#8220; text_text_color=&#8220;#ffffff&#8220; text_font_size=&#8220;16px&#8220; text_line_height=&#8220;1.8em&#8220; header_font=&#8220;Alike Angular||||||||&#8220; header_text_color=&#8220;#ffffff&#8220; header_2_font=&#8220;Alike Angular|||||on|||&#8220; header_2_text_color=&#8220;#ffffff&#8220; header_2_font_size=&#8220;80px&#8220; header_2_line_height=&#8220;1.2em&#8220; header_3_text_color=&#8220;#ffffff&#8220; text_orientation=&#8220;center&#8220; width_tablet=&#8220;600px&#8220; width_phone=&#8220;400px&#8220; width_last_edited=&#8220;off|phone&#8220; max_width=&#8220;600px&#8220; module_alignment=&#8220;center&#8220; header_2_font_size_tablet=&#8220;50px&#8220; header_2_font_size_phone=&#8220;30px&#8220; header_2_font_size_last_edited=&#8220;on|phone&#8220; text_text_align=&#8220;center&#8220; locked=&#8220;off&#8220;]<\/p>\n<h2 style=\"text-align: right;\">H\u00f6rt Rein!<\/h2>\n<h3 style=\"text-align: right;\">&#8211; Tin Pan Alley<\/h3>\n<p>[\/et_pb_text][\/et_pb_column][et_pb_column type=&#8220;1_2&#8243; _builder_version=&#8220;4.4.0&#8243;][et_pb_video src=&#8220;http:\/\/ugbb.de\/wp-content\/uploads\/2020\/03\/TinPanAlley.mp4&#8243; _builder_version=&#8220;4.4.0&#8243;][\/et_pb_video][\/et_pb_column][\/et_pb_row][\/et_pb_section][et_pb_section fb_built=&#8220;1&#8243; _builder_version=&#8220;4.4.0&#8243; background_image=&#8220;http:\/\/ugbb.de\/wp-content\/uploads\/2020\/03\/BG-scaled.jpg&#8220; top_divider_style=&#8220;graph4&#8243; top_divider_color=&#8220;#ffffff&#8220; top_divider_flip=&#8220;vertical&#8220;][et_pb_row _builder_version=&#8220;4.4.0&#8243;][et_pb_column type=&#8220;4_4&#8243; _builder_version=&#8220;4.4.0&#8243;][et_pb_text _builder_version=&#8220;4.4.0&#8243; text_font=&#8220;Caudex||||||||&#8220; text_font_size=&#8220;16px&#8220; text_line_height=&#8220;1.8em&#8220; header_font=&#8220;Alike Angular||||||||&#8220; header_2_font=&#8220;Alike Angular|||||on|||&#8220; header_2_font_size=&#8220;80px&#8220; header_2_line_height=&#8220;1.2em&#8220; text_orientation=&#8220;center&#8220; width_tablet=&#8220;600px&#8220; width_phone=&#8220;400px&#8220; width_last_edited=&#8220;off|phone&#8220; max_width=&#8220;600px&#8220; module_alignment=&#8220;center&#8220; header_2_font_size_tablet=&#8220;50px&#8220; header_2_font_size_phone=&#8220;30px&#8220; header_2_font_size_last_edited=&#8220;on|phone&#8220; text_text_align=&#8220;center&#8220; locked=&#8220;off&#8220;]<\/p>\n<h2>Die Band<\/h2>\n<p>[\/et_pb_text][\/et_pb_column][\/et_pb_row][et_pb_row column_structure=&#8220;1_5,1_5,1_5,1_5,1_5&#8243; _builder_version=&#8220;4.4.0&#8243;][et_pb_column type=&#8220;1_5&#8243; _builder_version=&#8220;4.4.0&#8243;][et_pb_image src=&#8220;http:\/\/ugbb.de\/wp-content\/uploads\/2020\/03\/Steve-Mc-Harald.jpg&#8220; _builder_version=&#8220;4.4.0&#8243; border_radii=&#8220;on|5px|5px|5px|5px&#8220; box_shadow_style=&#8220;preset4&#8243;][\/et_pb_image][et_pb_text _builder_version=&#8220;4.4.0&#8243;]<\/p>\n<h6 style=\"text-align: center;\">Steve Mc Harald<\/h6>\n<p style=\"text-align: center;\">Keyboards, Vocals<\/p>\n<p>[\/et_pb_text][\/et_pb_column][et_pb_column type=&#8220;1_5&#8243; _builder_version=&#8220;4.4.0&#8243;][et_pb_image src=&#8220;http:\/\/ugbb.de\/wp-content\/uploads\/2020\/03\/Thomas-The-Blues-Doctor-Fey.jpg&#8220; _builder_version=&#8220;4.4.0&#8243; border_radii=&#8220;on|5px|5px|5px|5px&#8220; box_shadow_style=&#8220;preset4&#8243;][\/et_pb_image][et_pb_text _builder_version=&#8220;4.4.0&#8243;]<\/p>\n<h6 style=\"text-align: center;\">Thomas The Blues-Doctor Fey<\/h6>\n<p style=\"text-align: center;\">Bass, Vocals<\/p>\n<p>[\/et_pb_text][\/et_pb_column][et_pb_column type=&#8220;1_5&#8243; _builder_version=&#8220;4.4.0&#8243;][et_pb_image src=&#8220;http:\/\/ugbb.de\/wp-content\/uploads\/2020\/03\/Logo-4-Zeilig.png&#8220; _builder_version=&#8220;4.4.0&#8243;][\/et_pb_image][\/et_pb_column][et_pb_column type=&#8220;1_5&#8243; _builder_version=&#8220;4.4.0&#8243;][et_pb_image src=&#8220;http:\/\/ugbb.de\/wp-content\/uploads\/2020\/03\/Thomas-Uncle-Gulu-R\u00fcck.jpg&#8220; _builder_version=&#8220;4.4.0&#8243; border_radii=&#8220;on|5px|5px|5px|5px&#8220; box_shadow_style=&#8220;preset4&#8243;][\/et_pb_image][et_pb_text _builder_version=&#8220;4.4.0&#8243; hover_enabled=&#8220;0&#8243;]<\/p>\n<h6 style=\"text-align: center;\">Thomas Uncle Gulu R\u00fcck<\/h6>\n<p style=\"text-align: center;\">Drums, Vocals<\/p>\n<p>[\/et_pb_text][\/et_pb_column][et_pb_column type=&#8220;1_5&#8243; _builder_version=&#8220;4.4.0&#8243;][et_pb_image src=&#8220;http:\/\/ugbb.de\/wp-content\/uploads\/2020\/03\/Oli-The-Lawyer-Of-Blues-Trinkl.jpg&#8220; _builder_version=&#8220;4.4.0&#8243; border_radii=&#8220;on|5px|5px|5px|5px&#8220; box_shadow_style=&#8220;preset4&#8243;][\/et_pb_image][et_pb_text _builder_version=&#8220;4.4.0&#8243;]<\/p>\n<h6 style=\"text-align: center;\">Oli The Lawyer Of Blues Trinkl<\/h6>\n<p style=\"text-align: center;\">Guitars<\/p>\n<p>[\/et_pb_text][\/et_pb_column][\/et_pb_row][\/et_pb_section][et_pb_section fb_built=&#8220;1&#8243; admin_label=&#8220;Footer&#8220; _builder_version=&#8220;4.4.0&#8243; background_color=&#8220;#242424&#8243; custom_padding=&#8220;||120px|||&#8220; top_divider_height=&#8220;20px&#8220; locked=&#8220;off&#8220;][et_pb_row _builder_version=&#8220;4.4.0&#8243; background_color_gradient_direction=&#8220;90deg&#8220; custom_padding=&#8220;||0px|||&#8220; locked=&#8220;off&#8220;][et_pb_column type=&#8220;4_4&#8243; _builder_version=&#8220;3.25.3&#8243;][et_pb_text _builder_version=&#8220;4.4.0&#8243; text_font=&#8220;Alike Angular||||||||&#8220; text_text_color=&#8220;#ffffff&#8220; header_font=&#8220;Alike Angular|||||on|||&#8220; header_text_color=&#8220;#ffffff&#8220;]<\/p>\n<h1>Schreib uns!<\/h1>\n<p>[\/et_pb_text][et_pb_contact_form email=&#8220;unclegulu@ugbb.de&#8220; success_message=&#8220;Vielen Dank f\u00fcr Deine Nachricht! Wir antworten Dir so schnell es uns m\u00f6glich ist.&#8220; _builder_version=&#8220;4.4.0&#8243; custom_button=&#8220;on&#8220; button_text_color=&#8220;#ffffff&#8220;][et_pb_contact_field field_id=&#8220;Name&#8220; field_title=&#8220;Name&#8220; _builder_version=&#8220;3.16&#8243; button_text_size__hover_enabled=&#8220;off&#8220; button_one_text_size__hover_enabled=&#8220;off&#8220; button_two_text_size__hover_enabled=&#8220;off&#8220; button_text_color__hover_enabled=&#8220;off&#8220; button_one_text_color__hover_enabled=&#8220;off&#8220; button_two_text_color__hover_enabled=&#8220;off&#8220; button_border_width__hover_enabled=&#8220;off&#8220; button_one_border_width__hover_enabled=&#8220;off&#8220; button_two_border_width__hover_enabled=&#8220;off&#8220; button_border_color__hover_enabled=&#8220;off&#8220; button_one_border_color__hover_enabled=&#8220;off&#8220; button_two_border_color__hover_enabled=&#8220;off&#8220; button_border_radius__hover_enabled=&#8220;off&#8220; button_one_border_radius__hover_enabled=&#8220;off&#8220; button_two_border_radius__hover_enabled=&#8220;off&#8220; button_letter_spacing__hover_enabled=&#8220;off&#8220; button_one_letter_spacing__hover_enabled=&#8220;off&#8220; button_two_letter_spacing__hover_enabled=&#8220;off&#8220; button_bg_color__hover_enabled=&#8220;off&#8220; button_one_bg_color__hover_enabled=&#8220;off&#8220; button_two_bg_color__hover_enabled=&#8220;off&#8220;][\/et_pb_contact_field][et_pb_contact_field field_id=&#8220;Email&#8220; field_title=&#8220;E-Mail-Adresse&#8220; field_type=&#8220;email&#8220; _builder_version=&#8220;4.4.0&#8243; button_text_size__hover_enabled=&#8220;off&#8220; button_one_text_size__hover_enabled=&#8220;off&#8220; button_two_text_size__hover_enabled=&#8220;off&#8220; button_text_color__hover_enabled=&#8220;off&#8220; button_one_text_color__hover_enabled=&#8220;off&#8220; button_two_text_color__hover_enabled=&#8220;off&#8220; button_border_width__hover_enabled=&#8220;off&#8220; button_one_border_width__hover_enabled=&#8220;off&#8220; button_two_border_width__hover_enabled=&#8220;off&#8220; button_border_color__hover_enabled=&#8220;off&#8220; button_one_border_color__hover_enabled=&#8220;off&#8220; button_two_border_color__hover_enabled=&#8220;off&#8220; button_border_radius__hover_enabled=&#8220;off&#8220; button_one_border_radius__hover_enabled=&#8220;off&#8220; button_two_border_radius__hover_enabled=&#8220;off&#8220; button_letter_spacing__hover_enabled=&#8220;off&#8220; button_one_letter_spacing__hover_enabled=&#8220;off&#8220; button_two_letter_spacing__hover_enabled=&#8220;off&#8220; button_bg_color__hover_enabled=&#8220;off&#8220; button_one_bg_color__hover_enabled=&#8220;off&#8220; button_two_bg_color__hover_enabled=&#8220;off&#8220;][\/et_pb_contact_field][et_pb_contact_field field_id=&#8220;Message&#8220; field_title=&#8220;Nachricht&#8220; field_type=&#8220;text&#8220; fullwidth_field=&#8220;on&#8220; _builder_version=&#8220;3.16&#8243; button_text_size__hover_enabled=&#8220;off&#8220; button_one_text_size__hover_enabled=&#8220;off&#8220; button_two_text_size__hover_enabled=&#8220;off&#8220; button_text_color__hover_enabled=&#8220;off&#8220; button_one_text_color__hover_enabled=&#8220;off&#8220; button_two_text_color__hover_enabled=&#8220;off&#8220; button_border_width__hover_enabled=&#8220;off&#8220; button_one_border_width__hover_enabled=&#8220;off&#8220; button_two_border_width__hover_enabled=&#8220;off&#8220; button_border_color__hover_enabled=&#8220;off&#8220; button_one_border_color__hover_enabled=&#8220;off&#8220; button_two_border_color__hover_enabled=&#8220;off&#8220; button_border_radius__hover_enabled=&#8220;off&#8220; button_one_border_radius__hover_enabled=&#8220;off&#8220; button_two_border_radius__hover_enabled=&#8220;off&#8220; button_letter_spacing__hover_enabled=&#8220;off&#8220; button_one_letter_spacing__hover_enabled=&#8220;off&#8220; button_two_letter_spacing__hover_enabled=&#8220;off&#8220; button_bg_color__hover_enabled=&#8220;off&#8220; button_one_bg_color__hover_enabled=&#8220;off&#8220; button_two_bg_color__hover_enabled=&#8220;off&#8220;][\/et_pb_contact_field][\/et_pb_contact_form][\/et_pb_column][\/et_pb_row][\/et_pb_section]<\/p>\n","protected":false},"excerpt":{"rendered":"<p>[et_pb_section fb_built=&#8220;1&#8243; custom_padding_last_edited=&#8220;on|desktop&#8220; admin_label=&#8220;Header&#8220; _builder_version=&#8220;4.4.0&#8243; background_image=&#8220;http:\/\/ugbb.de\/wp-content\/uploads\/2020\/03\/UGBB-scaled.jpg&#8220; parallax=&#8220;on&#8220; module_alignment=&#8220;center&#8220; height=&#8220;1080px&#8220; custom_padding=&#8220;5vw||13vw||false|&#8220; custom_padding_tablet=&#8220;0vw||20vw&#8220; custom_padding_phone=&#8220;&#8220; bottom_divider_height=&#8220;20px&#8220;][et_pb_row _builder_version=&#8220;4.4.0&#8243; max_width=&#8220;none&#8220; custom_padding=&#8220;0px||0px||true|&#8220;][et_pb_column type=&#8220;4_4&#8243; _builder_version=&#8220;3.25.3&#8243;][et_pb_image src=&#8220;http:\/\/ugbb.de\/wp-content\/uploads\/2020\/03\/Logo-2-Zeilig-Rand.png&#8220; align=&#8220;center&#8220; _builder_version=&#8220;4.4.0&#8243; max_width=&#8220;50%&#8220; filter_opacity=&#8220;74%&#8220; animation_style=&#8220;fade&#8220;][\/et_pb_image][\/et_pb_column][\/et_pb_row][\/et_pb_section][et_pb_section fb_built=&#8220;1&#8243; next_background_color=&#8220;#ffffff&#8220; _builder_version=&#8220;4.4.0&#8243; background_enable_color=&#8220;off&#8220; background_image=&#8220;http:\/\/ugbb.de\/wp-content\/uploads\/2020\/03\/BG-scaled.jpg&#8220; custom_margin=&#8220;0px||||false|false&#8220; bottom_divider_style=&#8220;graph4&#8243;][et_pb_row _builder_version=&#8220;4.4.0&#8243; background_enable_image=&#8220;off&#8220;][et_pb_column type=&#8220;4_4&#8243; _builder_version=&#8220;4.4.0&#8243;][et_pb_text _builder_version=&#8220;4.4.0&#8243; text_font=&#8220;||||||||&#8220; text_font_size=&#8220;16px&#8220; text_line_height=&#8220;1.8em&#8220; header_font=&#8220;Alike Angular||||||||&#8220; header_2_font=&#8220;Alike Angular|||||on|||&#8220; header_2_font_size=&#8220;80px&#8220; header_2_line_height=&#8220;1.2em&#8220; text_orientation=&#8220;center&#8220; width_tablet=&#8220;600px&#8220; width_phone=&#8220;400px&#8220; width_last_edited=&#8220;off|phone&#8220; max_width=&#8220;600px&#8220; module_alignment=&#8220;center&#8220; header_2_font_size_tablet=&#8220;50px&#8220; header_2_font_size_phone=&#8220;30px&#8220; header_2_font_size_last_edited=&#8220;on|phone&#8220; text_text_align=&#8220;center&#8220; [&hellip;]<\/p>\n","protected":false},"author":1,"featured_media":0,"parent":0,"menu_order":0,"comment_status":"closed","ping_status":"closed","template":"","meta":{"_et_pb_use_builder":"on","_et_pb_old_content":"","_et_gb_content_width":"","footnotes":""},"_links":{"self":[{"href":"https:\/\/ugbb.de\/index.php?rest_route=\/wp\/v2\/pages\/8"}],"collection":[{"href":"https:\/\/ugbb.de\/index.php?rest_route=\/wp\/v2\/pages"}],"about":[{"href":"https:\/\/ugbb.de\/index.php?rest_route=\/wp\/v2\/types\/page"}],"author":[{"embeddable":true,"href":"https:\/\/ugbb.de\/index.php?rest_route=\/wp\/v2\/users\/1"}],"replies":[{"embeddable":true,"href":"https:\/\/ugbb.de\/index.php?rest_route=%2Fwp%2Fv2%2Fcomments&post=8"}],"version-history":[{"count":27,"href":"https:\/\/ugbb.de\/index.php?rest_route=\/wp\/v2\/pages\/8\/revisions"}],"predecessor-version":[{"id":92,"href":"https:\/\/ugbb.de\/index.php?rest_route=\/wp\/v2\/pages\/8\/revisions\/92"}],"wp:attachment":[{"href":"https:\/\/ugbb.de\/index.php?rest_route=%2Fwp%2Fv2%2Fmedia&parent=8"}],"curies":[{"name":"wp","href":"https:\/\/api.w.org\/{rel}","templated":true}]}}